
13
Let q be 60/7*(-84)/(-12). What is the highest common divisor of q and 336?
12
Let v be 1/1 + 33 + -27. Calculate the greatest common factor of v and 224.
7
Let h = 553 - 401. Suppose 3*b - 5*p - 17 = 0, 4*b - 66 = -3*p + p. Let m = 5 + b. What is the highest common factor of m and h?
19
Suppose 681 - 726 = -z. Let b = -44 - -31. Let j = z + b. Calculate the highest common divisor of 48 and j.
16
Let u be (2/(-21)*-49)/(4/18). What is the greatest common factor of 84 and u?
21
Let q be 2/(-6) + (-3)/(-9). Let p be (-3)/12*q - -9. Suppose -m = p - 23. Calculate the greatest common factor of m and 98.
14
Suppose -2*y + 3*s = -34 - 12, 5*s = 3*y - 68. Suppose 936 = -0*b + 4*b. What is the highest common factor of b and y?
26
Let b be (-8)/36*-3*3. Suppose -m - 12 = -b*a, a + 0*m - 3*m - 1 = 0. Calculate the highest common factor of a and 63.
7
Let a(z) = 5*z**2 + z + 6. Let t be a(-3). Let c = 67 + -43. Suppose j + j = c. What is the greatest common factor of j and t?
12
Let c(m) = 22*m**2 - 2*m + 6. Let a be c(2). Let w = -45 + a. What is the highest common divisor of w and 9?
9
Suppose -1341 = 6*i - 3*i. Let r = 647 + i. What is the highest common divisor of 25 and r?
25
Let v(c) = c**2 - 22*c + 158. Let y be v(20). Calculate the greatest common factor of y and 1770.
118
Suppose -83 = -u + i, -i + 95 = u - 6*i. Let z(a) = 21*a**3 - a**2. Let g be (1/(-2))/(4/(-8)). Let l be z(g). Calculate the highest common factor of u and l.
20
Let a(z) = 2*z**2 - 20*z + 104. Let i be a(12). Calculate the highest common divisor of 40 and i.
8
Let i be 4*5/10*11. Calculate the greatest common factor of i and 154.
22
Suppose x = 2*p + 29 + 42, -5*p = x - 85. Calculate the highest common divisor of 120 and x.
15
Let j = 42 - 27. Let h be (-24)/(-1) + -12 + j. Let z be (h/(-12))/((-9)/120). What is the greatest common divisor of z and 10?
10
Let w = -46 - -52. Suppose w = 3*v + 5*b - 43, 5*b = -4*v + 57. What is the greatest common factor of v and 16?
8
Let d = 312 + -298. What is the highest common divisor of 35 and d?
7
Let d(f) = -5*f. Let y(m) = m**2 - 5*m - 7. Let j be y(6). Let r be d(j). Suppose 2*g - 6*g = -20. What is the greatest common divisor of r and g?
5
Suppose 6 = -21*m + 24*m. Let s be -6*((-3)/m + 0). Suppose -45 = 2*c - 3*c. What is the highest common divisor of s and c?
9
Suppose -2208*d + 2216*d - 616 = 0. What is the highest common divisor of 28 and d?
7
Let l(s) be the first derivative of 9*s**4/4 + s**3/3 - s**2/2 - 4*s + 5. Let b be l(2). What is the greatest common factor of 28 and b?
14
Suppose f = -a - 2*a + 51, -f = -2*a + 29. Let p = 4 + a. What is the greatest common divisor of p and 180?
20
Let q = 387 - 367. What is the greatest common factor of q and 60?
20
Let x(q) = 4*q + 211. Let g be x(16). What is the greatest common factor of g and 25?
25
Let g be (-3)/21 + (-208)/14. Let n be (-10)/((4/g)/2). Suppose 2*l = 5*l - n. What is the highest common divisor of 5 and l?
5
Let a be -2 + 28/13 - 5040/(-195). Calculate the highest common divisor of 221 and a.
13
Let h(x) = x**3 + 10*x**2 - 6*x - 140. Let t be h(-8). Calculate the greatest common divisor of t and 1044.
36
Let a = -7 + 124. Suppose v - h = 23, -3*v + a = 2*v - 4*h. Let d = 12 + -7. Calculate the highest common divisor of d and v.
5
Let j be -50 + 4/(-14)*(-1 - 6). Let w = 72 + j. What is the greatest common factor of w and 8?
8
Suppose 2*c - 215 = -2*r + 381, 4*c + 4 = 0. Calculate the greatest common factor of r and 115.
23
Suppose -2*j + 18 = -0*j. Suppose 0 = -113*i + 115*i - 12. Calculate the highest common divisor of j and i.
3
Let h = -97 - -107. Suppose -p + 21 = 2*q - 115, -124 = -2*q - 4*p. Calculate the highest common divisor of h and q.
10
Suppose h + 56 = 3*h. Let s be 1 + -2 + (1 - -1). Let u(m) = 4*m. Let r be u(s). What is the greatest common factor of r and h?
4
Let y = 47 - 3. Let h = 121 - y. Suppose -2*f - 3*v + 7 = 0, -v + 1 = 3*f - 27. Calculate the greatest common divisor of h and f.
11
Let p(b) = -8*b - 4. Let c be p(-5). Suppose -2*n + x = -2*x - 5, 3*n - 14 = -2*x. Calculate the greatest common factor of n and c.
4
Let i = 57 - 55. Suppose m = -4*g + 1628, g = 3*g + i*m - 808. Calculate the highest common divisor of 51 and g.
51
Let t = -7 + 82. Let r = 64 + -64. Suppose -4*b + 127 - 7 = r. What is the greatest common divisor of t and b?
15
Suppose 47*w - 143 = 45. Let u be ((-77)/22)/(2/(-8)). What is the greatest common divisor of w and u?
2
Suppose 48*k = 16*k + 16992. What is the highest common factor of k and 18?
9
Suppose 5*h = -0*h + 5. Suppose -h = -8*p + 15. Let b be p/(-6) + 304/48. Calculate the greatest common divisor of 12 and b.
6
Let t(g) = -g**3 + 5*g**2 - 9. Let k be t(5). Let r = -9 + k. Let i = 34 + r. What is the highest common divisor of i and 16?
16
Suppose -4*u + 4*n + 52 = 0, -23 = 3*u - 5*u + 3*n. Calculate the greatest common factor of 112 and u.
16
Let z = 122 + -52. Let q = 254 + -234. Calculate the highest common divisor of q and z.
10
Suppose 7 + 101 = 4*j. Let o be 3/(-3) + -3 + 0/2. Let k be 12/(-4) - -1 - (-222 - o). What is the highest common divisor of k and j?
27
Let h(m) = -35*m - 1570. Let g be h(-47). Suppose 2*d + 5 = 3*d. Calculate the greatest common divisor of d and g.
5
Let i = 12 - 24. Let t be ((-36)/5)/(i/330). Suppose m + 4 - 22 = 0. Calculate the greatest common factor of m and t.
18
Let q be (40/30)/(4/30). Let h be 71/3 + q/30. Let d = -47 + 167. Calculate the highest common factor of d and h.
24
Let m(z) = 3*z**3 + 27*z**2 - 3*z - 9. Let a be m(-9). Suppose b = -3*s - 2*b + 24, -3*b = 4*s - 36. What is the highest common divisor of s and a?
6
Suppose -2*m + 1550 = 4*q, 2*q + 4*m + 1931 = 7*q. Calculate the greatest common divisor of q and 9.
9
Let c = 655 + -365. What is the highest common divisor of 58 and c?
58
Let r be (3 + (-7)/3)*9. Let t(k) = -k**2 - 11*k - 6. Let g be t(-10). Calculate the highest common divisor of r and g.
2
Let x(j) = -j**3 - j + 66. Let o be x(0). Suppose 98*c - 12703 = 35784 - 3211. Calculate the highest common divisor of c and o.
66
Let s(q) = q**2 - 4*q - 43. Let g be s(10). Calculate the highest common divisor of g and 153.
17
Suppose -742 - 113 = -19*j. What is the highest common factor of j and 45?
45
Let k = -17 + 45. Suppose 42*s - 1848 = 36*s. What is the highest common divisor of s and k?
28
Let q = -27835 - -27852. Suppose -o + 2*t = -193, 0*o + 2*o = -4*t + 362. What is the highest common factor of q and o?
17
Let g(b) = b**2 + 2*b + 5. Suppose -4*f = 3*x + 16 + 6, -x = -2*f - 16. Let u be g(f). Calculate the greatest common divisor of 10 and u.
10
Suppose 3*v + 15*p - 19*p - 5140 = 0, -8595 = -5*v + p. What is the greatest common factor of v and 40?
40
Let k be 17/7 - 42/98. Let s be ((-81)/(-18))/(k/4). Suppose -j = 0, 4*j - 309 + 12 = -3*w. Calculate the highest common divisor of w and s.
9
Let p(j) = 50*j**3 - j**2 + j + 2. Let i be p(2). Suppose -3*q + o + 232 = 0, 3*q = -2*q + 5*o + i. What is the greatest common divisor of 190 and q?
38
Let z(c) = c**3 - 6*c**2 + 5*c - 2. Let l be z(5). Let d be (-3 - -2) + -1 - (l + -1). What is the greatest common divisor of 2 and d?
1
Let v(m) = -74*m + 689. Let s be v(0). Calculate the highest common factor of 53 and s.
53
Let f = 48 - 8. Let s = 30 + -20. What is the highest common factor of s and f?
10
Suppose -10*r - 35 + 115 = 0. Let z = 23 - 7. What is the greatest common factor of r and z?
8
Let a(s) = 7*s - 9. Let t be a(-7). Let l = t + 71. Calculate the highest common divisor of l and 143.
13
Suppose 32*y + 461 = 3*w + 37*y, 2*y = -3*w + 458. Calculate the greatest common factor of w and 133.
19
Let p be -2*1*-1*1. Let y be (115/(-46))/((-35)/112) - 6/(-2). Calculate the highest common factor of p and y.
1
Let a be (-2 + -26)/((-27)/12 - -2). What is the highest common factor of a and 21?
7
Suppose 231 + 149 = 4*y. Let g(a) = -12*a + 2. Let n be g(4). Let l = -8 - n. Calculate the highest common divisor of l and y.
19
Suppose -91*d + 82*d + 810 = 0. Calculate the highest common factor of d and 40.
10
Let h(m) = m + 1. Let z(v) = 4*v - 6. Let g(c) = -2*h(c) + z(c). Let x be g(5). Calculate the greatest common divisor of x and 1.
1
Suppose 0 = -9*w + 16*w - 168. Suppose -3*c + 8*c - 300 = 0. What